{"id":14,"date":"2019-11-28T08:25:34","date_gmt":"2019-11-28T08:25:34","guid":{"rendered":"http:\/\/lowcarbmom.de\/?page_id=14"},"modified":"2026-02-28T09:07:03","modified_gmt":"2026-02-28T09:07:03","slug":"low-carb-mom","status":"publish","type":"page","link":"https:\/\/lowcarbmom.de\/","title":{"rendered":"Ern\u00e4hrungsberatung und N\u00e4hrstoff-Therapie"},"content":{"rendered":"\t\t<div data-elementor-type=\"wp-page\" data-elementor-id=\"14\" class=\"elementor elementor-14\">\n\t\t\t\t\t\t<section class=\"elementor-section elementor-top-section elementor-element elementor-element-974bd92 elementor-section-boxed elementor-section-height-default elementor-section-height-default\" data-id=\"974bd92\" data-element_type=\"section\">\n\t\t\t\t\t\t<div class=\"elementor-container elementor-column-gap-default\">\n\t\t\t\t\t<div class=\"elementor-column elementor-col-100 elementor-top-column elementor-element elementor-element-3bbafbf3\" data-id=\"3bbafbf3\" data-element_type=\"column\">\n\t\t\t<div class=\"elementor-widget-wrap elementor-element-populated\">\n\t\t\t\t\t\t<div class=\"elementor-element elementor-element-3f9dbfd elementor-widget elementor-widget-image\" data-id=\"3f9dbfd\" data-element_type=\"widget\" data-widget_type=\"image.default\">\n\t\t\t\t<div class=\"elementor-widget-container\">\n\t\t\t\t\t\t\t\t\t\t\t\t\t\t\t<img fetchpriority=\"high\" decoding=\"async\" width=\"558\" height=\"1024\" src=\"https:\/\/lowcarbmom.de\/wp-content\/uploads\/2024\/07\/PHOTO-2024-06-15-22-04-11-e1720080184338-558x1024.jpg\" class=\"attachment-large size-large wp-image-434\" alt=\"\" srcset=\"https:\/\/lowcarbmom.de\/wp-content\/uploads\/2024\/07\/PHOTO-2024-06-15-22-04-11-e1720080184338-558x1024.jpg 558w, https:\/\/lowcarbmom.de\/wp-content\/uploads\/2024\/07\/PHOTO-2024-06-15-22-04-11-e1720080184338-163x300.jpg 163w, https:\/\/lowcarbmom.de\/wp-content\/uploads\/2024\/07\/PHOTO-2024-06-15-22-04-11-e1720080184338-768x1410.jpg 768w, https:\/\/lowcarbmom.de\/wp-content\/uploads\/2024\/07\/PHOTO-2024-06-15-22-04-11-e1720080184338-837x1536.jpg 837w, https:\/\/lowcarbmom.de\/wp-content\/uploads\/2024\/07\/PHOTO-2024-06-15-22-04-11-e1720080184338.jpg 890w\" sizes=\"(max-width: 558px) 100vw, 558px\" \/>\t\t\t\t\t\t\t\t\t\t\t\t\t\t\t<\/div>\n\t\t\t\t<\/div>\n\t\t\t\t<div class=\"elementor-element elementor-element-cf09417 elementor-widget elementor-widget-text-editor\" data-id=\"cf09417\" data-element_type=\"widget\" data-widget_type=\"text-editor.default\">\n\t\t\t\t<div class=\"elementor-widget-container\">\n\t\t\t\t\t\t\t\t\t<p><\/p>\n<p><\/p>\n<p><\/p>\n<p><span style=\"letter-spacing: 0px;\">Du willst abnehmen?&nbsp;<\/span><\/p>\n<p>Fit sein und mehr Lebensqualit\u00e4t erlangen?&nbsp;<\/p>\n<p>Babypfunde loswerden und f\u00fcr Dich und Deine Familie ges\u00fcndere Gewohnheiten integrieren?&nbsp;<\/p>\n<p>Beschwerden wie M\u00fcdigkeit, Bauchschmerzen, Bl\u00e4hbauch, Unvertr\u00e4glichkeiten, Tr\u00e4gheit, Hei\u00dfhunger, Migr\u00e4ne, schlechte Blutwerte oder Autoimmunreaktionen loswerden und ein bewussteres, ges\u00fcnderes Leben f\u00fchren?<\/p>\n<p>Genau an dieser Stelle befand ich mich vor 15 Jahren.&nbsp;<span style=\"letter-spacing: 0px;\">Ich f\u00fchlte mich unwohl in meiner Haut, war tr\u00e4ge und schnell ersch\u00f6pft und insgesamt unzufrieden mit meiner Figur.&nbsp;<\/span><span style=\"letter-spacing: 0px;\">Aber als Mutter von 2 Kindern sollte das wahrscheinlich so sein?<\/span><\/p>\n<p><\/p>\n<p>Jede und Jeder von uns hat es verdient, morgens fit und gesund aufzuwachen und zufrieden in den Spiegel zu schauen.&nbsp;<span style=\"letter-spacing: 0px;\">Und genau da kann ich Dir helfen!<\/span><\/p>\n<p><\/p>\n<p><\/p>\n<p>Mit ausf\u00fchrlicher Anamnese und Diagnostik analysieren wir unbekannte Unvertr\u00e4glichkeiten, N\u00e4hrstoffm\u00e4ngel, Hormonungleichgewichte und Lebensstilfaktoren, die Deine Gesundheit und das Wohlf\u00fchlen ganz unmittelbar beeinflussen.&nbsp;<\/p>\n<p>Umfassend und ganzheitlich helfe ich Dir als Heilpraktiker, Therapeut f\u00fcr funktionelle Ern\u00e4hrung und N\u00e4hrstofftherapie, Food Coach, Mikron\u00e4hrstoffcoach, Darmimmun-, Entgiftungstherapeut, Hormoncoach und leidenschaftlichem Biohacker zu besseren Gewohnheiten, die den Unterschied machen!<\/p>\n<p><\/p>\n<p><\/p>\n<p>Ich freue mich, wenn ich Dich in ein ges\u00fcnderes Leben begleiten darf!<\/p>\n<p><\/p>\t\t\t\t\t\t\t\t<\/div>\n\t\t\t\t<\/div>\n\t\t\t\t\t<\/div>\n\t\t<\/div>\n\t\t\t\t\t<\/div>\n\t\t<\/section>\n\t\t\t\t<section class=\"elementor-section elementor-top-section elementor-element elementor-element-5d8a2db elementor-section-boxed elementor-section-height-default elementor-section-height-default\" data-id=\"5d8a2db\" data-element_type=\"section\">\n\t\t\t\t\t\t<div class=\"elementor-container elementor-column-gap-default\">\n\t\t\t\t\t<div class=\"elementor-column elementor-col-100 elementor-top-column elementor-element elementor-element-dd9d76b\" data-id=\"dd9d76b\" data-element_type=\"column\">\n\t\t\t<div class=\"elementor-widget-wrap elementor-element-populated\">\n\t\t\t\t\t\t<div class=\"elementor-element elementor-element-5ac17db elementor-shape-rounded elementor-grid-0 e-grid-align-center elementor-widget elementor-widget-social-icons\" data-id=\"5ac17db\" data-element_type=\"widget\" data-widget_type=\"social-icons.default\">\n\t\t\t\t<div class=\"elementor-widget-container\">\n\t\t\t\t\t\t\t<div class=\"elementor-social-icons-wrapper elementor-grid\">\n\t\t\t\t\t\t\t<span class=\"elementor-grid-item\">\n\t\t\t\t\t<a class=\"elementor-icon elementor-social-icon elementor-social-icon-instagram elementor-repeater-item-c3ad9cb\" href=\"https:\/\/www.instagram.com\/lowcarb_inspirations\" target=\"_blank\">\n\t\t\t\t\t\t<span class=\"elementor-screen-only\">Instagram<\/span>\n\t\t\t\t\t\t<i class=\"fab fa-instagram\"><\/i>\t\t\t\t\t<\/a>\n\t\t\t\t<\/span>\n\t\t\t\t\t\t\t<span class=\"elementor-grid-item\">\n\t\t\t\t\t<a class=\"elementor-icon elementor-social-icon elementor-social-icon-linkedin elementor-repeater-item-790a921\" href=\"https:\/\/de.linkedin.com\/in\/jennifer-neumann-a82676221\" target=\"_blank\">\n\t\t\t\t\t\t<span class=\"elementor-screen-only\">Linkedin<\/span>\n\t\t\t\t\t\t<i class=\"fab fa-linkedin\"><\/i>\t\t\t\t\t<\/a>\n\t\t\t\t<\/span>\n\t\t\t\t\t<\/div>\n\t\t\t\t\t\t<\/div>\n\t\t\t\t<\/div>\n\t\t\t\t\t<\/div>\n\t\t<\/div>\n\t\t\t\t\t<\/div>\n\t\t<\/section>\n\t\t\t\t<section class=\"elementor-section elementor-top-section elementor-element elementor-element-3f51fea elementor-section-boxed elementor-section-height-default elementor-section-height-default\" data-id=\"3f51fea\" data-element_type=\"section\">\n\t\t\t\t\t\t<div class=\"elementor-container elementor-column-gap-default\">\n\t\t\t\t\t<div class=\"elementor-column elementor-col-100 elementor-top-column elementor-element elementor-element-b2413b1\" data-id=\"b2413b1\" data-element_type=\"column\">\n\t\t\t<div class=\"elementor-widget-wrap elementor-element-populated\">\n\t\t\t\t\t\t<div class=\"elementor-element elementor-element-bd89a08 elementor-widget elementor-widget-image\" data-id=\"bd89a08\" data-element_type=\"widget\" data-widget_type=\"image.default\">\n\t\t\t\t<div class=\"elementor-widget-container\">\n\t\t\t\t\t\t\t\t\t\t\t\t\t\t\t<img decoding=\"async\" width=\"200\" height=\"300\" src=\"https:\/\/lowcarbmom.de\/wp-content\/uploads\/2024\/07\/PHOTO-2024-06-15-22-04-09-200x300.jpg\" class=\"attachment-medium size-medium wp-image-432\" alt=\"\" srcset=\"https:\/\/lowcarbmom.de\/wp-content\/uploads\/2024\/07\/PHOTO-2024-06-15-22-04-09-200x300.jpg 200w, https:\/\/lowcarbmom.de\/wp-content\/uploads\/2024\/07\/PHOTO-2024-06-15-22-04-09-683x1024.jpg 683w, https:\/\/lowcarbmom.de\/wp-content\/uploads\/2024\/07\/PHOTO-2024-06-15-22-04-09-768x1151.jpg 768w, https:\/\/lowcarbmom.de\/wp-content\/uploads\/2024\/07\/PHOTO-2024-06-15-22-04-09-1025x1536.jpg 1025w, https:\/\/lowcarbmom.de\/wp-content\/uploads\/2024\/07\/PHOTO-2024-06-15-22-04-09-1140x1709.jpg 1140w, https:\/\/lowcarbmom.de\/wp-content\/uploads\/2024\/07\/PHOTO-2024-06-15-22-04-09.jpg 1366w\" sizes=\"(max-width: 200px) 100vw, 200px\" \/>\t\t\t\t\t\t\t\t\t\t\t\t\t\t\t<\/div>\n\t\t\t\t<\/div>\n\t\t\t\t\t<\/div>\n\t\t<\/div>\n\t\t\t\t\t<\/div>\n\t\t<\/section>\n\t\t\t\t<\/div>\n\t\t","protected":false},"excerpt":{"rendered":"<p>Du willst abnehmen?&nbsp; Fit sein und mehr Lebensqualit\u00e4t erlangen?&nbsp; Babypfunde loswerden und f\u00fcr Dich und Deine Familie ges\u00fcndere Gewohnheiten integrieren?&nbsp; Beschwerden wie M\u00fcdigkeit, Bauchschmerzen, Bl\u00e4hbauch, Unvertr\u00e4glichkeiten, Tr\u00e4gheit, Hei\u00dfhunger, Migr\u00e4ne, schlechte Blutwerte oder Autoimmunreaktionen loswerden und ein bewussteres, ges\u00fcnderes Leben f\u00fchren? Genau an dieser Stelle befand ich mich vor 15 Jahren.&nbsp;Ich f\u00fchlte mich unwohl in meiner Haut, war tr\u00e4ge und schnell ersch\u00f6pft und insgesamt unzufrieden mit meiner Figur.&nbsp;Aber als Mutter von 2 Kindern sollte das wahrscheinlich so sein? Jede und Jeder von uns hat es verdient, morgens fit und gesund aufzuwachen und zufrieden in den Spiegel zu schauen.&nbsp;Und genau da kann ich Dir helfen! Mit ausf\u00fchrlicher Anamnese und Diagnostik analysieren wir unbekannte Unvertr\u00e4glichkeiten, N\u00e4hrstoffm\u00e4ngel, Hormonungleichgewichte und Lebensstilfaktoren, die Deine Gesundheit und das Wohlf\u00fchlen ganz unmittelbar beeinflussen.&nbsp; Umfassend und ganzheitlich helfe ich Dir als Heilpraktiker, Therapeut f\u00fcr funktionelle Ern\u00e4hrung und N\u00e4hrstofftherapie, Food Coach, Mikron\u00e4hrstoffcoach, Darmimmun-, Entgiftungstherapeut, Hormoncoach und leidenschaftlichem Biohacker zu besseren Gewohnheiten, die den Unterschied machen! Ich freue mich, wenn ich Dich in ein ges\u00fcnderes Leben begleiten darf! Instagram Linkedin<\/p>\n","protected":false},"author":1,"featured_media":0,"parent":0,"menu_order":0,"comment_status":"closed","ping_status":"closed","template":"","meta":{"footnotes":""},"_links":{"self":[{"href":"https:\/\/lowcarbmom.de\/index.php?rest_route=\/wp\/v2\/pages\/14"}],"collection":[{"href":"https:\/\/lowcarbmom.de\/index.php?rest_route=\/wp\/v2\/pages"}],"about":[{"href":"https:\/\/lowcarbmom.de\/index.php?rest_route=\/wp\/v2\/types\/page"}],"author":[{"embeddable":true,"href":"https:\/\/lowcarbmom.de\/index.php?rest_route=\/wp\/v2\/users\/1"}],"replies":[{"embeddable":true,"href":"https:\/\/lowcarbmom.de\/index.php?rest_route=%2Fwp%2Fv2%2Fcomments&post=14"}],"version-history":[{"count":76,"href":"https:\/\/lowcarbmom.de\/index.php?rest_route=\/wp\/v2\/pages\/14\/revisions"}],"predecessor-version":[{"id":556,"href":"https:\/\/lowcarbmom.de\/index.php?rest_route=\/wp\/v2\/pages\/14\/revisions\/556"}],"wp:attachment":[{"href":"https:\/\/lowcarbmom.de\/index.php?rest_route=%2Fwp%2Fv2%2Fmedia&parent=14"}],"curies":[{"name":"wp","href":"https:\/\/api.w.org\/{rel}","templated":true}]}}